{"id":1050,"date":"2023-11-16T10:54:34","date_gmt":"2023-11-16T15:54:34","guid":{"rendered":"https:\/\/derakamandraka.com\/index.php\/product\/mermelada-de-naranja-jengibre-350g\/"},"modified":"2024-01-20T11:18:09","modified_gmt":"2024-01-20T16:18:09","slug":"mermelada-de-naranja-jengibre-350g","status":"publish","type":"product","link":"https:\/\/derakamandraka.com\/index.php\/product\/mermelada-de-naranja-jengibre-350g\/","title":{"rendered":"Mermelada de Naranja Jengibre 350g"},"content":{"rendered":"<p><strong>NARANJA<\/strong><\/p>\n<p>Esta fruta refrescante y arom\u00e1tica, es <strong>aliada de nuestra salud f\u00edsica y mental.<\/strong> Por las vitaminas y minerales que contiene, la naranja prepara al organismo para combatir virus y bacterias; ayuda a eliminar toxinas; contrarresta gripas y resfriados; contribuye a mantener huesos y dientes fuertes; facilita la cicatrizaci\u00f3n; y contribuye a disminuir el estr\u00e9s y a calmar los nervios.<\/p>\n<p><strong>JENGIBRE<\/strong><\/p>\n<p>Esta planta arom\u00e1tica y que aporte un suave toque picante, es <strong>nuestra aliada para aumentar las defensas y el nivel de energ\u00eda.<\/strong> Por las vitaminas y minerales que contiene, el jengibre ayuda al organismo a combatir virus y bacterias; desinflama tejidos; nos vuelve m\u00e1s activos; acelera la capacidad de quemar grasas y procesar alimentos; aumenta el calor corporal; incrementa la l\u00edvido; y contribuye a una buena digesti\u00f3n.<\/p>\n","protected":false},"excerpt":{"rendered":"<p>NARANJA Esta fruta refrescante y arom\u00e1tica, es aliada de nuestra salud f\u00edsica y mental. Por las vitaminas y minerales que contiene, la naranja prepara al organismo para combatir virus y<\/p>\n","protected":false},"featured_media":30,"comment_status":"open","ping_status":"closed","template":"","meta":{"_monsterinsights_skip_tracking":false,"_monsterinsights_sitenote_active":false,"_monsterinsights_sitenote_note":"","_monsterinsights_sitenote_category":0},"product_brand":[],"product_cat":[19],"product_tag":[],"class_list":{"0":"post-1050","1":"product","2":"type-product","3":"status-publish","4":"has-post-thumbnail","6":"product_cat-alimentos","8":"first","9":"instock","10":"shipping-taxable","11":"purchasable","12":"product-type-simple"},"aioseo_notices":[],"jetpack_sharing_enabled":true,"_links":{"self":[{"href":"https:\/\/derakamandraka.com\/index.php\/wp-json\/wp\/v2\/product\/1050","targetHints":{"allow":["GET"]}}],"collection":[{"href":"https:\/\/derakamandraka.com\/index.php\/wp-json\/wp\/v2\/product"}],"about":[{"href":"https:\/\/derakamandraka.com\/index.php\/wp-json\/wp\/v2\/types\/product"}],"replies":[{"embeddable":true,"href":"https:\/\/derakamandraka.com\/index.php\/wp-json\/wp\/v2\/comments?post=1050"}],"version-history":[{"count":2,"href":"https:\/\/derakamandraka.com\/index.php\/wp-json\/wp\/v2\/product\/1050\/revisions"}],"predecessor-version":[{"id":1312,"href":"https:\/\/derakamandraka.com\/index.php\/wp-json\/wp\/v2\/product\/1050\/revisions\/1312"}],"wp:featuredmedia":[{"embeddable":true,"href":"https:\/\/derakamandraka.com\/index.php\/wp-json\/wp\/v2\/media\/30"}],"wp:attachment":[{"href":"https:\/\/derakamandraka.com\/index.php\/wp-json\/wp\/v2\/media?parent=1050"}],"wp:term":[{"taxonomy":"product_brand","embeddable":true,"href":"https:\/\/derakamandraka.com\/index.php\/wp-json\/wp\/v2\/product_brand?post=1050"},{"taxonomy":"product_cat","embeddable":true,"href":"https:\/\/derakamandraka.com\/index.php\/wp-json\/wp\/v2\/product_cat?post=1050"},{"taxonomy":"product_tag","embeddable":true,"href":"https:\/\/derakamandraka.com\/index.php\/wp-json\/wp\/v2\/product_tag?post=1050"}],"curies":[{"name":"wp","href":"https:\/\/api.w.org\/{rel}","templated":true}]}}